e 38 - 2 = 4*z. What is the remainder when f is divided by z?
6
Let j(p) = -11*p + 1. Suppose -13*l - 154 = -401. Calculate the remainder when j(-5) is divided by l.
18
Let a be 2/(10/(-5))*-47. Suppose -a - 16 = -k. Calculate the remainder when k is divided by 13.
11
Suppose 12*v + 38 = 14*v. Calculate the remainder when 112 is divided by v.
17
Suppose -312 = -3*k - 123. Let r(c) = -2*c**2 + 4*c + 593. Calculate the remainder when k is divided by r(-16).
12
Suppose 4*p + 180 = 22*p. What is the remainder when 34 is divided by p?
4
Let u = -62 - -318. What is the remainder when u is divided by 65?
61
Suppose -2*j - 20 + 0 = 0. What is the remainder when (918/(-45))/(2/j) is divided by 26?
24
Let j(v) = 16*v + 2. Let s(r) = -r**2 - 4*r + 2. Let d be -1 + 1 - (-8)/(-2). Let y be s(d). Calculate the remainder when j(y) is divided by 9.
7
What is the remainder when -5 - -4 - (-2)/((-8)/(-444)) is divided by 28?
26
Let k(m) = m**2 + 5*m + 1. Let n be k(-6). Suppose -5*v = 3*o - 37, -3*o = 3*v - 6 - 39. What is the remainder when o is divided by (n/2)/((-4)/(-8))?
5
Suppose -2*o + 104 = 3*l + l, o + 144 = 5*l. Let s = 70 + l. Calculate the remainder when s is divided by 20.
18
Let w = 685 - 632. Calculate the remainder when w is divided by 28.
25
Suppose -3*x = 2*i - 46, 52 = 2*x - 6*i + 2*i. Calculate the remainder when 32 is divided by x.
14
Let l(b) = b**2 + 14*b - 5. Let p be l(-7). Let d = p + 76. What is the remainder when 2*(-2 + (-47)/(-2)) is divided by d?
21
Let s = 109 - 87. Suppose 0 = 3*u - 2*d - 0 - 1, 3*u + 3*d - 21 = 0. Suppose -4 = -u*j + 14. Calculate the remainder when s is divided by j.
4
Let o = 355 + -209. Let y = -3411 + 3449. Calculate the remainder when o is divided by y.
32
Let b = 188 - 90. Suppose -17*g = -12*g + 2*i - 170, 4*i = 3*g - 102. What is the remainder when b is divided by g?
30
Suppose 2*y + 4*j = 4, 0 = -y - 18*j + 13*j - 4. Let r(b) = -b + 8. Let o be r(6). Suppose o*t = t + y. Calculate the remainder when 28 is divided by t.
4
Let a = 0 - 0. Suppose -3*c + 51 + 12 = a. Let u = 265 + -183. Calculate the remainder when u is divided by c.
19
Let z(j) = -j**3 + 4*j**2 - j - 6. Calculate the remainder when 200 is divided by z(-3).
20
Suppose q = z + 46, -3*q + 19*z + 130 = 14*z. What is the remainder when q is divided by 18?
14
Suppose -3*j + 80 = c + c, -104 = -2*c + 3*j. Calculate the remainder when 134 is divided by c.
42
Let p = 1283 + -1247. Calculate the remainder when 225 is divided by p.
9
Suppose -5*c = 2*o - 942, -8*o + 11*o = -3*c + 567. Calculate the remainder when c is divided by 38.
36
Let t(y) be the third derivative of y**4/24 - 7*y**3/6 - 3*y**2. Let s be t(-6). Calculate the remainder when 36 is divided by (0 - s)*(7 + -6).
10
Let s be (119/(-28))/(1/4). Let u = 25 + s. What is the remainder when 19 - 5/(-10)*2 is divided by u?
4
Let i(r) = -18*r - 1. Let g(c) = c**2 - c + 4. Let f be g(-4). Let t = -25 + f. Calculate the remainder when 67 is divided by i(t).
16
Suppose -s - 3*v - 2*v = -42, 0 = 4*s - 3*v - 122. What is the remainder when s is divided by 14?
4
Let n(p) = p**3 - 7*p**2 + 7*p - 2. Let k be n(6). Let l(s) = s**2 + 3*s + 1. What is the remainder when l(4) is divided by (-150)/(-12)*k/5?
9
Let u(w) = -w**3 + 2*w - 3. What is the remainder when u(-4) is divided by 29?
24
Suppose -5*l + 7 = 32. Let u = l + 7. Let s(f) = 9*f**2 + f - 1. Calculate the remainder when s(u) is divided by 13.
11
Let x = -78 - -144. Suppose -5*z + 4*a + 92 = -x, 0 = -3*z - 3*a + 84. What is the remainder when 88 is divided by z?
28
Let i = 224 + -141. Let y = i + -60. What is the remainder when 91 is divided by y?
22
Let u(c) = c + 13. Let v be u(-4). What is the remainder when 14 is divided by 2 + v + (-6)/((-4)/(-2))?
6
Let v(m) = m**3 - 9*m**2 + 2*m - 10. Let c be v(9). Let f(y) = y**2 - 6*y - 7. Suppose l - 3*l = -48. Calculate the remainder when l is divided by f(c).
6
Suppose -j = -5*q + 2*q + 455, -5*j = -q + 175. Let d = 249 - q. Calculate the remainder when d is divided by 26.
21
Suppose 10*r + 117 - 437 = 0. What is the remainder when 78 is divided by r?
14
Let m(g) = 20*g - 33. Let o be m(11). Suppose a = 5*p - 36, -3*p + 0*p = -4*a - 25. What is the remainder when 219/17 + 22/o is divided by p?
6
Let v(x) be the third derivative of x**6/120 + x**5/10 - x**4/12 + x**3/2 + x**2. Suppose 32*z - 104 = 24*z. What is the remainder when v(-5) is divided by z?
12
Let m = 33 - 43. Suppose -36 = v - 5*v. Calculate the remainder when (34/m)/(8/(-40)) is divided by v.
8
Let f be 4/(-6) + (2 - 478/(-6)). Let n = f + -40. Let v(r) = r**2 + 4*r + 9. What is the remainder when n is divided by v(-5)?
13
Let q(s) = -2*s + 6. Let k be q(3). Suppose k = -p + 4*f + 1, 3*p + 2*f = 59. Calculate the remainder when 33 is divided by p.
16
Suppose -183 = -4*w - y, 3*y - 4 = 5. What is the remainder when w is divided by (-20)/6*504/(-70)?
21
Let a(h) = -h**3 - 9*h**2 - 7*h + 46. Suppose 6*y - 565 = y. Calculate the remainder when y is divided by a(-8).
37
Let y = -17 + 25. Suppose 2 = -2*b + y. Suppose 0 = -3*g + 4*g - 2. What is the remainder when b is divided by g?
1
Suppose -5*p = -2*s - 14, 0 = -2*s - p - 2. Let y(w) = 2*w**3 + 5*w**2 + 3*w + 4. What is the remainder when 9 is divided by y(s)?
1
Let l = -324 + 370. Calculate the remainder when l is divided by 27.
19
Let y = -769 + 868. What is the remainder when y is divided by 15?
9
Let z = 50 + -36. Suppose 2*n - 4*p - 148 = -2*n, 2*p = -2. What is the remainder when n is divided by z + (-1 - -4)/(-3)?
10
Let y(z) = -5*z + 124. What is the remainder when 70 is divided by y(21)?
13
Let v be (-4 - 0 - -103)/1. Let s = v + -145. Let g = s - -108. Calculate the remainder when g is divided by 13.
10
What is the remainder when ((-72)/(-27))/(2/36) is divided by 19?
10
Suppose -10*m = -5*m. Suppose -4*p + m*j + 80 = -j, 2*p - j = 38. What is the remainder when 73 is divided by p + 3 - -3 - 2?
23
Let z be (392/(-21) - -4)/((-2)/(-12)). Let q = -46 - z. Calculate the remainder when q is divided by 15.
12
Let s(t) be the second derivative of -t**3/2 + 43*t**2/2 + 3*t. What is the remainder when s(7) is divided by 6?
4
Let i = 125 - 86. Calculate the remainder when 72 is divided by i.
33
What is the remainder when 359 is divided by ((-5)/(10/72))/(-2)?
17
Let n(k) = -k**3 - 23*k**2 + 18*k + 4. Let j(a) = a**3 + 24*a**2 - 17*a - 4. Let d(o) = -5*j(o) - 6*n(o). Calculate the remainder when d(-19) is divided by 15.
12
Let k be 26/(-22) - 18/(-99). Let s = 7 + 8. What is the remainder when (k + 3 + 1)*9 is divided by s?
12
Suppose 5*h - 169 - 166 = 5*j, 273 = 4*h - 3*j. Suppose 0 = -p - 2*p - h. Let n = p - -32. Calculate the remainder when n is divided by 3.
2
Suppose -4*z - 5*n + 29 = 0, z = 3*n + 2*n + 26. Calculate the remainder when (21/(-6) - -4)*-8 + (-392)/(-7) is divided by z.
8
Let a(d) = d**2 - 2*d + 141. Suppose -4*n - 3*w = 2 + 4, 4*n - 4*w - 8 = 0. Calculate the remainder when a(n) is divided by 36.
33
What is the remainder when 180 is divided by (7 - 5) + 184/4?
36
Let o = -724 + 778. What is the remainder when 251 is divided by o?
35
Let g = 248 - 149. Calculate the remainder when g is divided by 10.
9
Let a(f) = -f + 1. What is the remainder when (206*(-2)/8 - -2)*12/(-18) is divided by a(-6)?
5
Let m be -3*3/27*18. What is the remainder when 116 is divided by (-3)/m*(22 - -4)/1?
12
Let l = 11 + 4. Suppose 5*t + 25 = 0, 2*r + 0*t + t = l. Let h = -3 + 9. What is the remainder when r is divided by h?
4
Let h(r) = 4*r**2 + 3*r. Let m(b) be the second derivative of 13*b**3/6 - 37*b**2/2 + 19*b. Calculate the remainder when m(11) is divided by h(-3).
25
Let c be (4/(-6))/(6/36*4). What is the remainder when 50 is divided by ((-13)/(-2))/((-3)/6)*c?
11
Let q be (-1 - -3) + (-20)/4. Let m(g) = 3*g + 4. Let l be m(q). What is the remainder when 33 is divided by 28/(-70) + (-62)/l?
9
Let m = 7 - 4. What is the remainder when 219*(30/9 - m) is divided by 3/2 - (-35)/2?
16
Let i(h) = -8*h - 20. What is the remainder when -1 - (3 + -1 - 158) is divided by i(-4)?
11
Let d(z) = -26*z + 2. Suppose 7*k - 4 = -11. Calculate the remainder when (82/(-5))/((-1)/5) is divided by d(k).
26
Let v = 17 + -17. Suppose -3*m + v*m + 15 = 0. Suppose -28 = -m*w + w. Calculate the remainder